ulate the remainder when j is divided by 9*2/(-6)*-6.
14
Let k(d) = -4*d**3 - 16*d**2 + 9*d - 3. Calculate the remainder when k(-9) is divided by 67.
62
Let x(m) = 2*m - 3. Let i = -1 - -4. Let z be x(i). Suppose z*f = 4*g + 70, 0 = -2*f + 2*g + 3*g + 56. What is the remainder when 50 is divided by f?
14
Let r be (-3)/(-18) - (-1585)/30. Let i = r - 22. Let z(b) = 3*b - 1. Calculate the remainder when i is divided by z(4).
9
Suppose 5*s - 1437 - 458 = 2*h, -3*h = 3*s + 2832. What is the remainder when 116 is divided by 2/(9/(h/(-10)))?
11
What is the remainder when 300 - -36*(-5)/20 is divided by 138?
15
Let g(v) = -4*v + 33. Suppose -34 = -4*x - 2. Suppose c - 2 = 0, -3*c - x = y + 1. Calculate the remainder when g(y) is divided by 16.
13
Suppose 0 = 4*r + 5*m - 135 + 18, -4*r + 4*m = -108. Suppose -36*j + 35*j = -646. Calculate the remainder when (j/3)/2 + 31/93 is divided by r.
24
Let c = 29688 + -28284. Calculate the remainder when c is divided by 125.
29
Suppose 41 = -7*i - 29. Let k(x) = -5*x + 70. What is the remainder when k(i) is divided by 32?
24
Let m = -41528 + 44390. What is the remainder when m is divided by 954?
0
Suppose 18*y - 13*y = -200. Let u = 63 - y. Calculate the remainder when u/5 - (-2)/10*2 is divided by 12.
9
Suppose -11*x = 1241 + 277. Let f = x + 151. Calculate the remainder when 100 is divided by f.
9
Let x(a) = -20*a**3 - 3*a**2 - 12*a - 11. Let n be x(-4). Suppose -n = -16*t + 923. What is the remainder when t is divided by (-1*2)/((-2)/35)?
32
Suppose 2*k - 4*d = 226, -k + 5*d + 117 = 2*d. What is the remainder when k is divided by -4 - (-448)/48*30/7?
33
Let o(c) = -37*c + 10. Let i be o(-7). Let y = 230 + i. What is the remainder when y is divided by 50?
49
Suppose -80 - 83 = -3*a - 5*c, 4*c = -4. Suppose 0 = -5*b + 3*s + 89, 17*b - 78 = 13*b - s. What is the remainder when a is divided by b?
18
Let o(s) = s**2 + 7*s + 24. Let q(h) = -3*h**2 - 3*h + 3. Let c be q(-3). Calculate the remainder when o(-6) is divided by (-26)/(-5) + 3/c.
3
Let c(a) be the third derivative of 4*a**5/15 - 13*a**4/24 + 8*a**3/3 - 3*a**2 + 25*a. Calculate the remainder when 151 is divided by c(2).
43
Suppose 2*j + 6 = 0, g + 56*j - 51*j - 95 = 0. Suppose 3*h - 49 = -2*p, 5*h - g + 15 = -4*p. What is the remainder when 56/((-1)/(-1)) + 0 is divided by p?
16
Suppose 182*f = 179*f + 5*v + 1058, 3*v - 1314 = -4*f. Suppose -2*h + 24 = -3*t - 22, 2*h - 50 = t. What is the remainder when f is divided by h?
24
Let j be 9 - (5 - 3 - 1 - -2). Suppose 10*s - j*s - 312 = 0. Suppose 2*r + s = 86. Calculate the remainder when 85 is divided by r.
1
Suppose -4*u + 2292 = 4*o, -3*u - 4*o = 993 - 2718. What is the remainder when u is divided by 279?
9
Suppose -4*i = 3*r - 265, i + 4*i - 330 = -5*r. Suppose 0 = 10*u - 193 - i. What is the remainder when 154 is divided by u?
24
Let k(o) = -10*o. Let t = -144 - -75. Let j = 5 - t. Calculate the remainder when j is divided by k(-2).
14
Let k(s) = s**3 + 21*s**2 + 28*s + 180. What is the remainder when 710 is divided by k(-20)?
10
Let t(i) = i + 12. Let j be t(-11). Let g = 5 - j. Suppose 0 - 7 = -v - 2*n, 4*n + 46 = 2*v. What is the remainder when v is divided by g?
3
Let r = 15449 + -15439. Calculate the remainder when 498 is divided by r.
8
Let c(m) = m**3 + 22*m**2 + 30*m + 31. Let y be c(-21). Let t = y - -215. What is the remainder when 227 is divided by t?
56
Let k(t) = t**2 + 22*t + 11. Let r be k(-20). Let g = -19 - r. Let j = -39 - -56. Calculate the remainder when j is divided by g.
7
Let u = 25 - -32. Let t(h) = h**3 + 20*h**2 + 109*h + 105. Calculate the remainder when u is divided by t(-9).
12
Let c be 4/(-2) - (-68 + 6 + -6). Suppose -n = -2*n - 4*r + 30, -4*r + c = 3*n. What is the remainder when 86 is divided by n?
14
Let b(p) = -135*p**3 + 9*p**2 + 12*p + 6. Let d be b(-2). Suppose 3*y - d = -3*m, 9*y + m - 1814 = 4*y. What is the remainder when y is divided by 14?
12
Suppose -10*x - 147 + 291 = 54. Calculate the remainder when 2319 is divided by x.
6
Suppose 5*f + 0*f - 1595 = 0. What is the remainder when f is divided by -32*759/1056*-1*1?
20
Let l(f) = -209*f - 3090. What is the remainder when 5262 is divided by l(-15)?
42
Let t be (8/14)/((-6)/(-21)). Suppose -x + 3*o - 3 = 0, -2*x + 3*o - t = o. Suppose -2*p + 152 + 80 = x. What is the remainder when p is divided by 39?
38
Let t = 48 + -44. Suppose t*h - h - q - 3 = 0, 12 = 4*h - 4*q. Suppose h = -21*i + 15*i + 528. What is the remainder when i is divided by 30?
28
Suppose -8*a - 3978 = -34*a. Let r = -115 + a. What is the remainder when 68 is divided by r?
30
Suppose 0 = -3*y - 4*d + 17, -3*d - 4 = -4*y + d. Suppose 3 - 33 = -y*u. Suppose -170*z - 160*z + 31*z = -19136. What is the remainder when z is divided by u?
4
Suppose f = -4*u + 5*u - 50, 174 = 3*u + 3*f. Let o = -40 + u. Suppose 16*h - 24 = o*h. Calculate the remainder when h is divided by 2.
0
What is the remainder when ((-88752)/(-301))/(33/35 + (-8)/10) is divided by 9?
3
Suppose -4*i + 18 = -2*v, -i + 0*v - 4*v - 9 = 0. Suppose -7*p + i = m - 4*p, 2*m - 26 = -p. Calculate the remainder when 179 is divided by m.
14
Suppose 0 = o - 3*v - v - 36, 3*v - 134 = -5*o. Let t be (57 - 55)*10/4. Suppose 162 = t*k - o. Calculate the remainder when k is divided by 13.
12
Suppose -15*j + 70 = -10*j. Let m = j + -8. Suppose -63 = -3*x - m. Calculate the remainder when 53 is divided by x.
15
Let h = 6515 - 6505. Suppose -z - 11 = -38. What is the remainder when z is divided by h?
7
Let f be (2/4)/(4/24). Suppose -f*y + 104 = 4*g + y, 0 = y - 4. Suppose g*w = 25*w - 147. Calculate the remainder when 242 is divided by w.
46
Let c be -4 + -94*1/2. Let d = c - -97. Suppose 20 + d = 3*q. What is the remainder when q is divided by 4?
2
Calculate the remainder when 102 is divided by 18/15*(-3 - 308/(-6)).
44
Suppose -3*l - 6*n + 24 = -n, 3*n = l - 8. Suppose v - c = l, 3*v = -c - 0*c + 24. Calculate the remainder when v is divided by (-210)/(-110) + 5/55.
0
Suppose -c + 2*k + 1 = 0, 5*c + 12*k - 32 = 13*k. Suppose -z + 3*s = -17, 4*z + 3*s + c = 45. What is the remainder when z is divided by (-7)/(-4) - (-2)/8?
1
Calculate the remainder when 7728 is divided by (31041/(-234) - (-64)/416)*4/(-10).
43
Let h = -2582 - -3166. What is the remainder when h is divided by 287?
10
Let g = 4991 + -4984. Calculate the remainder when 1062 is divided by g.
5
Let i(j) = -43*j + 12. Let r(g) = 63*g - 18. Let x(y) = 7*i(y) + 5*r(y). Calculate the remainder when x(8) is divided by 37.
32
Let h(n) = 2*n**3 - 4*n**2 - n - 5. Let c be h(6). Suppose 3*g - c = -94. Let j(k) = -k + 8. What is the remainder when g is divided by j(-14)?
17
Suppose -22*g + 29*g = 14. Let j(i) = 245*i**2 + 41*i + 1. Calculate the remainder when j(g) is divided by 82.
79
Let d(h) = 54*h**2 - 35*h + 63. Calculate the remainder when d(2) is divided by 50.
9
Let x(a) = -2*a**2 - 2*a**2 + 2 + 3*a + 3*a**2 + 0*a**2. Let y be x(2). Suppose -37 + 9 = -4*f - 5*w, -w - y = 0. What is the remainder when f is divided by 7?
5
What is the remainder when (809 - -2)/((-15)/(-30)) is divided by 29?
27
Suppose 3*m - 555 = 261. What is the remainder when m is divided by (72/96)/((-554)/(-184) - 3)?
65
Suppose 2*c - 7 - 4 = -3*n, -4*c + 5*n + 33 = 0. Let h be (2 - 1) + -2 + 2. Let m(j) = 10*j - 1. Calculate the remainder when m(h) is divided by c.
2
Suppose -4*t + 15 = 2*d + 13, 4*t + 3 = 3*d. Calculate the remainder when 12*(-78)/(-18) + t is divided by 15.
7
Let g(l) = -10*l**3 + l**2. What is the remainder when g(-3) is divided by 47?
44
Suppose -45*f + 14 = -43*f. Suppose 0 = 14*h - 6*h - 336. Calculate the remainder when h is divided by f.
0
Let w = 0 - 1. Let v(q) = -q**2 - 40*q - 116. Let m be v(-3). What is the remainder when 30 is divided by w/(m/(-6))*(-1275)/170?
3
Calculate the remainder when ((-2499)/(-3213))/(2/34794) is divided by 34.
33
What is the remainder when 298 + ((-1)/(-3))/(-1)*24/8 is divided by 26?
11
Let o(s) = 48*s - 287. Let v be o(6). Calculate the remainder when 53 is divided by 2 + 3 - v - 4/(-1).
5
Suppose -5*x + 49 = 2*r, 3*r - 40*x + 36*x = 108. Suppose -414 = -5*j + 4*b, r*j - 36*j = 4*b - 360. What is the remainder when j is divided by 4?
2
Suppose -2125 = -17*v - 17*v + 9*v. What is the remainder when 761 is divid